{"id":7904,"date":"2023-02-06T10:55:24","date_gmt":"2023-02-06T09:55:24","guid":{"rendered":"https:\/\/solarventi.dk\/no\/?post_type=portfolio&#038;p=7904"},"modified":"2024-04-19T17:07:47","modified_gmt":"2024-04-19T15:07:47","slug":"levetid-garanti","status":"publish","type":"portfolio","link":"https:\/\/solarventi.dk\/no\/portfolio-item\/levetid-garanti\/","title":{"rendered":"Levetid &amp; Garanti"},"content":{"rendered":"<div class=\"wpb-content-wrapper\"><p>[vc_row][vc_column][vc_tta_accordion section_title_tag=&raquo;h6&#8243; active_section=&raquo;&raquo; heading=&raquo;h4&#8243;][vc_tta_section title=&raquo;Hvor lang er levetiden p\u00e5 en SolarVenti?&raquo; tab_id=&raquo;1673434346361-6ffbfeff-0f12&#8243;][vc_column_text]Alle v\u00e5re anlegg har en estimert levetid p\u00e5 <strong>15-20 \u00e5r<\/strong>.[\/vc_column_text][\/vc_tta_section][vc_tta_section title=&raquo;Hvor lang er produktgarantien?&raquo; tab_id=&raquo;1673434346377-d675694f-94ea&raquo;][vc_column_text]<b><i><span data-contrast=\"none\">SolarVenti yter 5 \u00e5rs produktgaranti p\u00e5:<\/span><\/i><\/b><span data-ccp-props=\"{&quot;201341983&quot;:0,&quot;335559739&quot;:160,&quot;335559740&quot;:259}\">\u00a0<\/span><\/p>\n<ul>\n<li data-leveltext=\"\uf0b7\" data-font=\"Symbol\" data-listid=\"1\" data-list-defn-props=\"{&quot;335552541&quot;:1,&quot;335559683&quot;:0,&quot;335559684&quot;:-2,&quot;335559685&quot;:720,&quot;335559991&quot;:360,&quot;469769226&quot;:&quot;Symbol&quot;,&quot;469769242&quot;:[8226],&quot;469777803&quot;:&quot;left&quot;,&quot;469777804&quot;:&quot;\uf0b7&quot;,&quot;469777815&quot;:&quot;hybridMultilevel&quot;}\" data-aria-posinset=\"1\" data-aria-level=\"1\">Solarventi luftsolfangere \u2013 dvs. ramme, bakplate, absorberfilt, dekklag, vegg- og taksett.<\/li>\n<\/ul>\n<p><span style=\"text-decoration: underline\">\u00a0Den 5-\u00e5rige produktgarantien har v\u00e6rt gyldig fra 1. april 2013. For produkter kj\u00f8pt f\u00f8r denne datoen er garantiperioden 2 \u00e5r.<\/span><\/p>\n<p><b><i><span data-contrast=\"none\">SolarVenti yter 2 \u00e5rs produktgaranti p\u00e5:<\/span><\/i><\/b><span data-ccp-props=\"{&quot;201341983&quot;:0,&quot;335559739&quot;:160,&quot;335559740&quot;:259}\">\u00a0<\/span><\/p>\n<ul>\n<li data-leveltext=\"\uf0b7\" data-font=\"Symbol\" data-listid=\"2\" data-list-defn-props=\"{&quot;335552541&quot;:1,&quot;335559683&quot;:0,&quot;335559684&quot;:-2,&quot;335559685&quot;:720,&quot;335559991&quot;:360,&quot;469769226&quot;:&quot;Symbol&quot;,&quot;469769242&quot;:[8226],&quot;469777803&quot;:&quot;left&quot;,&quot;469777804&quot;:&quot;\uf0b7&quot;,&quot;469777815&quot;:&quot;hybridMultilevel&quot;}\" data-aria-posinset=\"2\" data-aria-level=\"1\">P\u00e5 regulatorer, kontrollenheter, solceller, vifter og annet tilbeh\u00f8r og reservedeler.<\/li>\n<\/ul>\n<p>[\/vc_column_text][\/vc_tta_section][\/vc_tta_accordion][\/vc_column][\/vc_row]<\/p>\n<\/div>","protected":false},"excerpt":{"rendered":"<p>[vc_row][vc_column][vc_tta_accordion section_title_tag=&raquo;h6&#8243; active_section=&raquo;&raquo; heading=&raquo;h4&#8243;][vc_tta_section title=&raquo;Hvor lang er levetiden p\u00e5 en SolarVenti?&raquo; tab_id=&raquo;1673434346361-6ffbfeff-0f12&#8243;][vc_column_text]Alle v\u00e5re anlegg har en estimert levetid p\u00e5 15-20 \u00e5r.[\/vc_column_text][\/vc_tta_section][vc_tta_section title=&raquo;Hvor lang er produktgarantien?&raquo; tab_id=&raquo;1673434346377-d675694f-94ea&raquo;][vc_column_text]SolarVenti yter 5 \u00e5rs produktgaranti p\u00e5:\u00a0 Solarventi luftsolfangere \u2013 dvs. ramme, bakplate, absorberfilt, dekklag, vegg- og taksett. \u00a0Den 5-\u00e5rige produktgarantien har v\u00e6rt gyldig fra 1. april 2013. For produkter kj\u00f8pt [&hellip;]<\/p>\n","protected":false},"author":1,"featured_media":0,"menu_order":0,"comment_status":"closed","ping_status":"closed","template":"","meta":[],"portfolio_category":[],"portfolio_field":[],"class_list":["post-7904","portfolio","type-portfolio","status-publish","hentry","grve-entry-item"],"yoast_head":"<!-- This site is optimized with the Yoast SEO Premium plugin v25.1 (Yoast SEO v25.1) - https:\/\/yoast.com\/wordpress\/plugins\/seo\/ -->\n<title>Levetid &amp; Garanti - SolarVenti NORGE<\/title>\n<meta name=\"description\" content=\"Mangler du svar p\u00e5 hvor lang levetiden til en Solarventi er, eller hvor lang garantien din er? s\u00e5 finner du svaret her.\" \/>\n<meta name=\"robots\" content=\"index, follow, max-snippet:-1, max-image-preview:large, max-video-preview:-1\" \/>\n<link rel=\"canonical\" href=\"https:\/\/solarventi.dk\/no\/portfolio-item\/levetid-garanti\/\" \/>\n<meta property=\"og:locale\" content=\"nb_NO\" \/>\n<meta property=\"og:type\" content=\"article\" \/>\n<meta property=\"og:title\" content=\"Levetid &amp; Garanti\" \/>\n<meta property=\"og:description\" content=\"Mangler du svar p\u00e5 hvor lang levetiden til en Solarventi er, eller hvor lang garantien din er? s\u00e5 finner du svaret her.\" \/>\n<meta property=\"og:url\" content=\"https:\/\/solarventi.dk\/no\/portfolio-item\/levetid-garanti\/\" \/>\n<meta property=\"og:site_name\" content=\"SolarVenti NORGE\" \/>\n<meta property=\"article:modified_time\" content=\"2024-04-19T15:07:47+00:00\" \/>\n<meta name=\"twitter:card\" content=\"summary_large_image\" \/>\n<meta name=\"twitter:label1\" content=\"Ansl. lesetid\" \/>\n\t<meta name=\"twitter:data1\" content=\"1 minutt\" \/>\n<script type=\"application\/ld+json\" class=\"yoast-schema-graph\">{\"@context\":\"https:\/\/schema.org\",\"@graph\":[{\"@type\":\"WebPage\",\"@id\":\"https:\/\/solarventi.dk\/no\/portfolio-item\/levetid-garanti\/\",\"url\":\"https:\/\/solarventi.dk\/no\/portfolio-item\/levetid-garanti\/\",\"name\":\"Levetid &amp; Garanti - SolarVenti NORGE\",\"isPartOf\":{\"@id\":\"https:\/\/solarventi.dk\/no\/#website\"},\"datePublished\":\"2023-02-06T09:55:24+00:00\",\"dateModified\":\"2024-04-19T15:07:47+00:00\",\"description\":\"Mangler du svar p\u00e5 hvor lang levetiden til en Solarventi er, eller hvor lang garantien din er? s\u00e5 finner du svaret her.\",\"breadcrumb\":{\"@id\":\"https:\/\/solarventi.dk\/no\/portfolio-item\/levetid-garanti\/#breadcrumb\"},\"inLanguage\":\"nb-NO\",\"potentialAction\":[{\"@type\":\"ReadAction\",\"target\":[\"https:\/\/solarventi.dk\/no\/portfolio-item\/levetid-garanti\/\"]}]},{\"@type\":\"BreadcrumbList\",\"@id\":\"https:\/\/solarventi.dk\/no\/portfolio-item\/levetid-garanti\/#breadcrumb\",\"itemListElement\":[{\"@type\":\"ListItem\",\"position\":1,\"name\":\"Forside\",\"item\":\"https:\/\/solarventi.dk\/no\/\"},{\"@type\":\"ListItem\",\"position\":2,\"name\":\"Portfolio Items\",\"item\":\"https:\/\/solarventi.dk\/no\/portfolio-item\/\"},{\"@type\":\"ListItem\",\"position\":3,\"name\":\"Levetid &amp; Garanti\"}]},{\"@type\":\"WebSite\",\"@id\":\"https:\/\/solarventi.dk\/no\/#website\",\"url\":\"https:\/\/solarventi.dk\/no\/\",\"name\":\"SolarVenti NORGE\",\"description\":\"Salg av SolarVenti\",\"potentialAction\":[{\"@type\":\"SearchAction\",\"target\":{\"@type\":\"EntryPoint\",\"urlTemplate\":\"https:\/\/solarventi.dk\/no\/?s={search_term_string}\"},\"query-input\":{\"@type\":\"PropertyValueSpecification\",\"valueRequired\":true,\"valueName\":\"search_term_string\"}}],\"inLanguage\":\"nb-NO\"}]}<\/script>\n<!-- \/ Yoast SEO Premium plugin. -->","yoast_head_json":{"title":"Levetid &amp; Garanti - SolarVenti NORGE","description":"Mangler du svar p\u00e5 hvor lang levetiden til en Solarventi er, eller hvor lang garantien din er? s\u00e5 finner du svaret her.","robots":{"index":"index","follow":"follow","max-snippet":"max-snippet:-1","max-image-preview":"max-image-preview:large","max-video-preview":"max-video-preview:-1"},"canonical":"https:\/\/solarventi.dk\/no\/portfolio-item\/levetid-garanti\/","og_locale":"nb_NO","og_type":"article","og_title":"Levetid &amp; Garanti","og_description":"Mangler du svar p\u00e5 hvor lang levetiden til en Solarventi er, eller hvor lang garantien din er? s\u00e5 finner du svaret her.","og_url":"https:\/\/solarventi.dk\/no\/portfolio-item\/levetid-garanti\/","og_site_name":"SolarVenti NORGE","article_modified_time":"2024-04-19T15:07:47+00:00","twitter_card":"summary_large_image","twitter_misc":{"Ansl. lesetid":"1 minutt"},"schema":{"@context":"https:\/\/schema.org","@graph":[{"@type":"WebPage","@id":"https:\/\/solarventi.dk\/no\/portfolio-item\/levetid-garanti\/","url":"https:\/\/solarventi.dk\/no\/portfolio-item\/levetid-garanti\/","name":"Levetid &amp; Garanti - SolarVenti NORGE","isPartOf":{"@id":"https:\/\/solarventi.dk\/no\/#website"},"datePublished":"2023-02-06T09:55:24+00:00","dateModified":"2024-04-19T15:07:47+00:00","description":"Mangler du svar p\u00e5 hvor lang levetiden til en Solarventi er, eller hvor lang garantien din er? s\u00e5 finner du svaret her.","breadcrumb":{"@id":"https:\/\/solarventi.dk\/no\/portfolio-item\/levetid-garanti\/#breadcrumb"},"inLanguage":"nb-NO","potentialAction":[{"@type":"ReadAction","target":["https:\/\/solarventi.dk\/no\/portfolio-item\/levetid-garanti\/"]}]},{"@type":"BreadcrumbList","@id":"https:\/\/solarventi.dk\/no\/portfolio-item\/levetid-garanti\/#breadcrumb","itemListElement":[{"@type":"ListItem","position":1,"name":"Forside","item":"https:\/\/solarventi.dk\/no\/"},{"@type":"ListItem","position":2,"name":"Portfolio Items","item":"https:\/\/solarventi.dk\/no\/portfolio-item\/"},{"@type":"ListItem","position":3,"name":"Levetid &amp; Garanti"}]},{"@type":"WebSite","@id":"https:\/\/solarventi.dk\/no\/#website","url":"https:\/\/solarventi.dk\/no\/","name":"SolarVenti NORGE","description":"Salg av SolarVenti","potentialAction":[{"@type":"SearchAction","target":{"@type":"EntryPoint","urlTemplate":"https:\/\/solarventi.dk\/no\/?s={search_term_string}"},"query-input":{"@type":"PropertyValueSpecification","valueRequired":true,"valueName":"search_term_string"}}],"inLanguage":"nb-NO"}]}},"_links":{"self":[{"href":"https:\/\/solarventi.dk\/no\/wp-json\/wp\/v2\/portfolio\/7904","targetHints":{"allow":["GET"]}}],"collection":[{"href":"https:\/\/solarventi.dk\/no\/wp-json\/wp\/v2\/portfolio"}],"about":[{"href":"https:\/\/solarventi.dk\/no\/wp-json\/wp\/v2\/types\/portfolio"}],"author":[{"embeddable":true,"href":"https:\/\/solarventi.dk\/no\/wp-json\/wp\/v2\/users\/1"}],"replies":[{"embeddable":true,"href":"https:\/\/solarventi.dk\/no\/wp-json\/wp\/v2\/comments?post=7904"}],"wp:attachment":[{"href":"https:\/\/solarventi.dk\/no\/wp-json\/wp\/v2\/media?parent=7904"}],"wp:term":[{"taxonomy":"portfolio_category","embeddable":true,"href":"https:\/\/solarventi.dk\/no\/wp-json\/wp\/v2\/portfolio_category?post=7904"},{"taxonomy":"portfolio_field","embeddable":true,"href":"https:\/\/solarventi.dk\/no\/wp-json\/wp\/v2\/portfolio_field?post=7904"}],"curies":[{"name":"wp","href":"https:\/\/api.w.org\/{rel}","templated":true}]}}

<div class="wpb-content-wrapper"><p>[vc_row][vc_column][vc_tta_accordion section_title_tag=&raquo;h6&#8243; active_section=&raquo;&raquo; heading=&raquo;h4&#8243;][vc_tta_section title=&raquo;Hvor lang er levetiden på en SolarVenti?&raquo; tab_id=&raquo;1673434346361-6ffbfeff-0f12&#8243;][vc_column_text]Alle våre anlegg har en estimert levetid på <strong>15-20 år</strong>.[/vc_column_text][/vc_tta_section][vc_tta_section title=&raquo;Hvor lang er produktgarantien?&raquo; tab_id=&raquo;1673434346377-d675694f-94ea&raquo;][vc_column_text]<b><i><span data-contrast="none">SolarVenti yter 5 års produktgaranti på:</span></i></b><span data-ccp-props="{&quot;201341983&quot;:0,&quot;335559739&quot;:160,&quot;335559740&quot;:259}"> </span></p>
<ul>
<li data-leveltext="" data-font="Symbol" data-listid="1" data-list-defn-props="{&quot;335552541&quot;:1,&quot;335559683&quot;:0,&quot;335559684&quot;:-2,&quot;335559685&quot;:720,&quot;335559991&quot;:360,&quot;469769226&quot;:&quot;Symbol&quot;,&quot;469769242&quot;:[8226],&quot;469777803&quot;:&quot;left&quot;,&quot;469777804&quot;:&quot;&quot;,&quot;469777815&quot;:&quot;hybridMultilevel&quot;}" data-aria-posinset="1" data-aria-level="1">Solarventi luftsolfangere – dvs. ramme, bakplate, absorberfilt, dekklag, vegg- og taksett.</li>
</ul>
<p><span style="text-decoration: underline"> Den 5-årige produktgarantien har vært gyldig fra 1. april 2013. For produkter kjøpt før denne datoen er garantiperioden 2 år.</span></p>
<p><b><i><span data-contrast="none">SolarVenti yter 2 års produktgaranti på:</span></i></b><span data-ccp-props="{&quot;201341983&quot;:0,&quot;335559739&quot;:160,&quot;335559740&quot;:259}"> </span></p>
<ul>
<li data-leveltext="" data-font="Symbol" data-listid="2" data-list-defn-props="{&quot;335552541&quot;:1,&quot;335559683&quot;:0,&quot;335559684&quot;:-2,&quot;335559685&quot;:720,&quot;335559991&quot;:360,&quot;469769226&quot;:&quot;Symbol&quot;,&quot;469769242&quot;:[8226],&quot;469777803&quot;:&quot;left&quot;,&quot;469777804&quot;:&quot;&quot;,&quot;469777815&quot;:&quot;hybridMultilevel&quot;}" data-aria-posinset="2" data-aria-level="1">På regulatorer, kontrollenheter, solceller, vifter og annet tilbehør og reservedeler.</li>
</ul>
<p>[/vc_column_text][/vc_tta_section][/vc_tta_accordion][/vc_column][/vc_row]</p>
</div>

<p>[vc_row][vc_column][vc_tta_accordion section_title_tag=&raquo;h6&#8243; active_section=&raquo;&raquo; heading=&raquo;h4&#8243;][vc_tta_section title=&raquo;Hvor lang er levetiden på en SolarVenti?&raquo; tab_id=&raquo;1673434346361-6ffbfeff-0f12&#8243;][vc_column_text]Alle våre anlegg har en estimert levetid på 15-20 år.[/vc_column_text][/vc_tta_section][vc_tta_section title=&raquo;Hvor lang er produktgarantien?&raquo; tab_id=&raquo;1673434346377-d675694f-94ea&raquo;][vc_column_text]SolarVenti yter 5 års produktgaranti på:  Solarventi luftsolfangere – dvs. ramme, bakplate, absorberfilt, dekklag, vegg- og taksett.  Den 5-årige produktgarantien har vært gyldig fra 1. april 2013. For produkter kjøpt [&hellip;]</p>

<!-- This site is optimized with the Yoast SEO Premium plugin v25.1 (Yoast SEO v25.1) - https://yoast.com/wordpress/plugins/seo/ -->
<title>Levetid &amp; Garanti - SolarVenti NORGE</title>
<meta name="description" content="Mangler du svar på hvor lang levetiden til en Solarventi er, eller hvor lang garantien din er? så finner du svaret her." />
<meta name="robots" content="index, follow, max-snippet:-1, max-image-preview:large, max-video-preview:-1" />
<link rel="canonical" href="https://solarventi.dk/no/portfolio-item/levetid-garanti/" />
<meta property="og:locale" content="nb_NO" />
<meta property="og:type" content="article" />
<meta property="og:title" content="Levetid &amp; Garanti" />
<meta property="og:description" content="Mangler du svar på hvor lang levetiden til en Solarventi er, eller hvor lang garantien din er? så finner du svaret her." />
<meta property="og:url" content="https://solarventi.dk/no/portfolio-item/levetid-garanti/" />
<meta property="og:site_name" content="SolarVenti NORGE" />
<meta property="article:modified_time" content="2024-04-19T15:07:47+00:00" />
<meta name="twitter:card" content="summary_large_image" />
<meta name="twitter:label1" content="Ansl. lesetid" />
	<meta name="twitter:data1" content="1 minutt" />
<script type="application/ld+json" class="yoast-schema-graph">{"@context":"https://schema.org","@graph":[{"@type":"WebPage","@id":"https://solarventi.dk/no/portfolio-item/levetid-garanti/","url":"https://solarventi.dk/no/portfolio-item/levetid-garanti/","name":"Levetid &amp; Garanti - SolarVenti NORGE","isPartOf":{"@id":"https://solarventi.dk/no/#website"},"datePublished":"2023-02-06T09:55:24+00:00","dateModified":"2024-04-19T15:07:47+00:00","description":"Mangler du svar på hvor lang levetiden til en Solarventi er, eller hvor lang garantien din er? så finner du svaret her.","breadcrumb":{"@id":"https://solarventi.dk/no/portfolio-item/levetid-garanti/#breadcrumb"},"inLanguage":"nb-NO","potentialAction":[{"@type":"ReadAction","target":["https://solarventi.dk/no/portfolio-item/levetid-garanti/"]}]},{"@type":"BreadcrumbList","@id":"https://solarventi.dk/no/portfolio-item/levetid-garanti/#breadcrumb","itemListElement":[{"@type":"ListItem","position":1,"name":"Forside","item":"https://solarventi.dk/no/"},{"@type":"ListItem","position":2,"name":"Portfolio Items","item":"https://solarventi.dk/no/portfolio-item/"},{"@type":"ListItem","position":3,"name":"Levetid &amp; Garanti"}]},{"@type":"WebSite","@id":"https://solarventi.dk/no/#website","url":"https://solarventi.dk/no/","name":"SolarVenti NORGE","description":"Salg av SolarVenti","potentialAction":[{"@type":"SearchAction","target":{"@type":"EntryPoint","urlTemplate":"https://solarventi.dk/no/?s={search_term_string}"},"query-input":{"@type":"PropertyValueSpecification","valueRequired":true,"valueName":"search_term_string"}}],"inLanguage":"nb-NO"}]}</script>
<!-- / Yoast SEO Premium plugin. -->

Mangler du svar på hvor lang levetiden til en Solarventi er, eller hvor lang garantien din er? så finner du svaret her.
